me factors of m.
23
Let j(t) = -t**2 - 7*t + 1. Let s be j(-7). Suppose -3*l + 50 = -s. Let n = l - -5. What are the prime factors of n?
2, 11
Let y(b) = -2*b**3 - 5*b**2 + 10*b + 7. Suppose -2*p = 2*o + 6, -2 = 3*o - 2*p + 17. List the prime factors of y(o).
2, 41
Let j = 11 + -9. Suppose j*i - 24 = -2*w, -2*i = -i - 4*w - 2. Let n(x) = x + 12. What are the prime factors of n(i)?
2, 11
Let x = 14 - 7. Suppose 5*a + 200 = x*a. Let t = 161 - a. List the prime factors of t.
61
Let h be -2 + 23 + 0/(-3). Let j = -9 + h. What are the prime factors of (-6)/(-8) + 351/j?
2, 3, 5
Let w(t) = 23*t**2 - 11*t + 10. List the prime factors of w(-7).
2, 607
Let o(f) = -f**3 - 7*f**2 - 8*f - 6. Let i be -5*(-4)/40*-12. List the prime factors of o(i).
2, 3
Let t = -385 - -1306. List the prime factors of t.
3, 307
Suppose 0 = -9*c + 6*c + 288. Suppose 2*f + 26 - c = 0. List the prime factors of f.
5, 7
Let q be (120/(-4))/(3/(-2)). Let x = -14 + q. Suppose -2*u + 2 = -4*a + x, -3*a - 5*u = -16. List the prime factors of a.
2
Let m(d) be the second derivative of 0*d**2 + 1/6*d**3 + 0 - d. List the prime factors of m(6).
2, 3
Let h(r) = 2*r**3 - 9*r**2 + 12*r - 28. List the prime factors of h(9).
809
Let o be 77/35 + 3/(-15). Suppose -6*g + o*g - 2*l - 2 = 0, 3*g + 2*l + 4 = 0. What are the prime factors of g?
2
Let c(t) = -t + 25. Let u be 19 + (1/(-2))/((-11)/(-44)). List the prime factors of c(u).
2
List the prime factors of -8 - -8 - (0 - 466).
2, 233
Suppose 0*x = 5*x + 15. Suppose 3*a = -6 - 0, 5*f - 2*a = 189. Let s = f + x. What are the prime factors of s?
2, 17
Let n = 24 - 22. Suppose n*o - 4*c = -18, 0 = 4*o - 4*c + 14 + 10. Let u(r) = 3*r**2 - 7*r + 1. List the prime factors of u(o).
7
Let c(i) = -144*i + 706. What are the prime factors of c(-5)?
2, 23, 31
Suppose 166 = 4*c - 362. What are the prime factors of 0 - c/(-4) - 4?
29
Let m(r) = -222*r - 143. What are the prime factors of m(-2)?
7, 43
Let g = 138 - -26. What are the prime factors of ((-18)/36)/(0 + (-1)/g)?
2, 41
Let v = 341 - -149. List the prime factors of v.
2, 5, 7
What are the prime factors of (171/27 - 6)/(1/477)?
3, 53
Let u(r) = -30*r + 20. Let d be u(-4). Suppose d + 1 = a. What are the prime factors of a?
3, 47
Let x = 466 - -1064. What are the prime factors of x?
2, 3, 5, 17
Suppose 462 = 9*p - 2607. List the prime factors of p.
11, 31
Let m be (-57)/(-5) - 4/10. Suppose 5*g + 36 = m*g. What are the prime factors of g?
2, 3
Suppose d + 3*b - 5 = 14, -4*d = -2*b - 132. Let r = d + -15. Suppose 0 = 4*h - 48 + r. List the prime factors of h.
2
Let k(b) = 7*b**2 + 28*b - 78. List the prime factors of k(10).
2, 11, 41
Let q be -4 - (-4 + 3) - -4. Let y(i) = i + 1. Let o be y(q). What are the prime factors of (-1)/o*(5 - 35)?
3, 5
Let y(r) = 10*r**2 + 3*r - 18. What are the prime factors of y(5)?
13, 19
Let k(n) be the second derivative of 7*n**3/6 + 177*n**2/2 - 28*n. List the prime factors of k(0).
3, 59
Suppose -7*i + 4 = -11*i. Let t(x) = 52*x**2 - x - 2. What are the prime factors of t(i)?
3, 17
Suppose 24 = 2*a - 12. Let z be 38/16 + a/(-48). Suppose -z*b + 8 = -20. What are the prime factors of b?
2, 7
Let h(c) = c**3 + 24*c**2 - 24*c + 23. List the prime factors of h(-24).
599
Let a = 115 - -57. Let q = a + -27. What are the prime factors of q?
5, 29
Let a(d) = -d**2 + 12*d + 19. Let x be a(13). Suppose -7*y - 12 = -x*y. Let z(b) = -b**2 - 18*b - 6. List the prime factors of z(y).
2, 3, 11
Let h(i) = i**3 + 17*i**2 - i - 17. Let y be h(-17). Suppose y = 6*o - 148 - 152. What are the prime factors of o?
2, 5
Suppose 2*x + 2*i - 538 = 1526, 3*x - 4*i = 3103. What are the prime factors of x?
1033
Let p(l) = -11*l + 22. List the prime factors of p(-3).
5, 11
Let p be (24/(-28))/((-2)/7). Suppose 2*b + p*z = -3, -3*b = z - 2*z + 10. List the prime factors of -16*(b - (-6)/4).
2, 3
Suppose 0 = 16*z - 12*z - 1868. Suppose 2*c - 278 = 4*g, -5*c - 4*g + z = -2*c. List the prime factors of c.
149
Let x = 1 - -12. Suppose -3*q + x = -65. What are the prime factors of q?
2, 13
Let t(h) = 2*h**3 + 3*h**2 + 2*h - 1. Let p be t(-2). What are the prime factors of 32*-3*p/6?
2, 3
Let v(n) = -5*n - 14. Let j(a) = 4*a + 13. Let i(c) = 7*j(c) + 6*v(c). List the prime factors of i(-4).
3, 5
Suppose 15*b - 45*b + 33870 = 0. List the prime factors of b.
1129
Suppose -5*y = -4*a + 6359 - 299, 4*a - 2*y = 6060. What are the prime factors of a?
3, 5, 101
Let v be (-7)/(21/(-2))*3. Suppose -3 = -3*n, -a - v*n - 23 + 92 = 0. What are the prime factors of a?
67
Suppose -2 = -u - 0. Suppose 2*f = a + 4, 2*f + u*f + 4 = 5*a. Suppose 0*z - z = a*h - 84, 0 = -5*h + 4*z + 126. List the prime factors of h.
2, 11
Let m(p) = p**2 - 3*p - 7. Let k be m(5). Suppose 12 = t + k*h - 0, -h = 3*t - 4. Suppose -c + 2*r = -4*c + 73, -c + 2*r + 35 = t. List the prime factors of c.
3
Let w(u) be the third derivative of -5*u**2 - 1/30*u**5 + 0*u + 1/6*u**3 + 0 + 1/120*u**6 + 1/24*u**4. What are the prime factors of w(2)?
3
Suppose 5*z - 40 = 5. Let r(g) = 12*g + 7. Let y be r(z). Suppose -y = -4*t + 53. List the prime factors of t.
2, 3, 7
Let k = 2835 - 7445. What are the prime factors of (-22)/77 + (-1)/(14/k)?
7, 47
Let x(g) = g**3 - g**2 + 2*g - 2. Let h be x(1). Suppose h = -q + 9 - 5. Suppose v - q*p = 33, p - 3*p - 4 = 0. What are the prime factors of v?
5
Suppose -4*c - 7 = 17. List the prime factors of 21/(-6)*(-102)/(-14)*c.
3, 17
Suppose -4*f = -3*m - 21 - 6, -m = -5*f + 31. Suppose 35 = -f*y + y. Let l = 23 + y. What are the prime factors of l?
2
Let x(m) = 0*m**3 + 8*m**2 - 347 - m**3 + 10*m + 338. List the prime factors of x(-5).
2, 7, 19
Let y(a) = 5*a + 17. Let z be y(-9). Let b = 36 - z. What are the prime factors of b?
2
Suppose -6*x + 7*x = -t + 953, 3*t = 6. Suppose -16*y - 151 = -x. What are the prime factors of y?
2, 5
Suppose 0 = -2*n - 2*d + 2490, -3*n - 451 = -4*d - 4165. List the prime factors of n.
2, 3, 23
Let u(o) = -o**3 + 10*o**2 + 8*o + 34. Let y be u(11). Let m(s) = 140*s + 1. List the prime factors of m(y).
3, 47
Let m = -6 + 18. What are the prime factors of 208/m - (-5)/(-15)?
17
Let i = 2708 + -770. What are the prime factors of i?
2, 3, 17, 19
Suppose u + 3*u = 5*f + 40, -5*f - 35 = -3*u. Suppose 3*i = -u*r + 7, 2*i + 28 = 6*i + 2*r. What are the prime factors of i?
3
Let j(p) = 202*p**2 - 17*p - 23. What are the prime factors of j(-4)?
29, 113
Let i = 20 + -39. Let t = 24 + i. What are the prime factors of t?
5
Suppose 3*k = 3*x - 2133, 5*x + 4*k - 1392 = 3*x. What are the prime factors of x?
2, 353
Let f be 0 + 1 + 0 - 1. Let v be (f - 2)/(1/(-60)). What are the prime factors of 4/(-22) + v/55?
2
Let w be (-494)/(-6) - (-5)/(-15). Let x = w + -32. Suppose 2*i = 3*g - 5*g + x, 0 = 4*i + 3*g - 96. List the prime factors of i.
3, 7
Let v(q) = -5*q**3 - 14*q**2 + 8*q + 4. List the prime factors of v(-6).
2, 7, 19
Let f(t) = -t**3 + 5*t**2 + 7*t + 7. Let k = -10 + 10. Suppose -3*p + 45 = -k*h + 5*h, -3*h + 3*p = -3. What are the prime factors of f(h)?
13
Let z(n) = n**3 - 10*n**2 + 2*n - 9. Let c be z(10). Suppose 0 = c*b - 14*b + 180. What are the prime factors of b?
2, 3, 5
Let t be (-3 - 13/(-3))*(-4 - -46). Let h = t + 145. List the prime factors of h.
3, 67
Suppose -25 = -22*n + 17*n. Suppose 0 = -u, -n*i - 3*u + 644 - 124 = 0. What are the prime factors of i?
2, 13
Suppose -o = -k + 3, -k + 6*o = 3*o - 5. Let t = k + -3. What are the prime factors of (-1)/(t*(-2)/(-50))?
5
Let i(g) = 22*g**2 + 3*g - 6. What are the prime factors of i(3)?
3, 67
Let b be 0/(2 + (2 - 3)). Suppose -4*y = 2*j - 84, -4*j - 5*y = -b*j - 174. Suppose j = 3*v + 5*r, -6*v + 70 = -3*v - r. What are the prime factors of v?
2, 11
Let t = -1 - -6. Suppose b = 2*b - t. Suppose b*n - n - 52 = -4*l, 3*l - 4*n = 11. What are the prime factors of l?
3
Let h = -40 + 56. Suppose -n = 12 - h. Suppose -n*m + 3*v = -9*m + 98, 5*m - 118 = 2*v. What are the prime factors of m?
2, 11
List the prime factors of 12/(-108) + 2737/9.
2, 19
Let k be -3*(-1)/3 - -4. Let a = k + -5. Suppose d + 5 - 27 = a. List the prime factors of d.
2, 11
Let p = -10 + 12. Let u(k) = 0*k**2 + 6*k + 1 - k**p - 20*k**3 - 6*k. List the prime factors of u(-1).
2, 5
Let s(q) = -47*q - 243. List the prime factors of s(-65).
2, 19, 37
What are the prim